In base 5, what is -4 - -42423002434?
42423002430
In base 11, what is -28 - -1972144?
1972117
In base 16, what is -27c841 - 9?
-27c84a
In base 13, what is -2101 + -165?
-2266
In base 11, what is 4044214 + -22?
40441a2
In base 9, what is 66301 - 4560?
61631
In base 5, what is 24 - 2341122334?
-2341122310
In base 12, what is -3 - -58268a14?
58268a11
In base 8, what is 1764376 - -7?
1764405
In base 10, what is 686908 - 8?
686900
In base 15, what is -2237 - -77?
-21b0
In base 2, what is -1101 + -111011000010111110010?
-111011000010111111111
In base 8, what is 12 - 23621550?
-23621536
In base 7, what is -402 + -103534?
-104236
In base 8, what is -166327307 - -4?
-166327303
In base 11, what is -3308746 - -15?
-3308731
In base 13, what is -b972 + -1436?
-100a8
In base 5, what is 1201402 + -114111?
1032241
In base 15, what is 5 - 6eda3bc?
-6eda3b7
In base 3, what is -20001010101212222 + -1?
-20001010101220000
In base 6, what is 135254 + 43001?
222255
In base 8, what is 34446567 - -103?
34446672
In base 4, what is -2 - 23130203020?
-23130203022
In base 11, what is -3 + a00230?
a00228
In base 12, what is 2280 - 228a9?
-20629
In base 2, what is -11111111000001001010110110 - -10?
-11111111000001001010110100
In base 5, what is 131 + -1140112200?
-1140112014
In base 4, what is -220212030 + 1003311?
-213202113
In base 10, what is -12445 - -1486?
-10959
In base 2, what is 1010101010110110100101 - -10?
1010101010110110100111
In base 8, what is 52 - -610607?
610661
In base 7, what is -2542 + 214104?
211232
In base 6, what is 40202324 - -5?
40202333
In base 13, what is -51 - -6c751a?
6c7499
In base 3, what is -210 - -200120022020?
200120021110
In base 12, what is 10975 - 106?
1086b
In base 9, what is -16728702 + 217?
-16728474
In base 10, what is 17978505 - -2?
17978507
In base 7, what is 4 - -42600403?
42600410
In base 16, what is -35 - -2672b?
266f6
In base 5, what is -12200234112443 - -10?
-12200234112433
In base 8, what is 220 + 14144444?
14144664
In base 11, what is -1 - -3646894?
3646893
In base 9, what is -171 - 270733?
-271014
In base 3, what is -221 + 200121102200?
200121101202
In base 4, what is -1102 + -1331323320?
-1331331022
In base 14, what is 3 - -611ac1?
611ac4
In base 10, what is 11114 + -752?
10362
In base 10, what is -2 - -5030778?
5030776
In base 4, what is 3231100203 - -10?
3231100213
In base 7, what is 466330 - 1635?
464362
In base 2, what is -1010110111000111010 + 1001111?
-1010110110111101011
In base 13, what is 35606cb - 5?
35606c6
In base 3, what is 10 + -21220111102012?
-21220111102002
In base 2, what is -1010 + 10001101100110000111111?
10001101100110000110101
In base 10, what is -97 + 2128830?
2128733
In base 14, what is 1b3c07 + 3?
1b3c0a
In base 6, what is -5 + 4043134102?
4043134053
In base 10, what is -3 + -280834704?
-280834707
In base 14, what is d12 + -55a2?
-4690
In base 11, what is 2609662 - 52?
2609610
In base 13, what is -111083 + 14?
-11106c
In base 13, what is 43b9b - a2?
43ac9
In base 12, what is 476ab + 213?
47902
In base 15, what is 12243 - -63?
122a6
In base 6, what is 2 + 3150540334?
3150540340
In base 14, what is -d7 - -3d3?
2da
In base 14, what is -1b8 + 48bd2?
48a18
In base 14, what is 7c183 - 122?
7c061
In base 8, what is 32 - 355203?
-355151
In base 13, what is -30b - -48a4b?
48740
In base 12, what is -2 - 37a13955?
-37a13957
In base 3, what is -1221121 + 201100001?
122101110
In base 15, what is -3053 - a8?
-310b
In base 8, what is -111005605 + 2?
-111005603
In base 3, what is -120102001111 - -20?
-120102001021
In base 11, what is -1a4a - -29565?
27616
In base 15, what is 0 + 33db9b?
33db9b
In base 2, what is -101001110 + 1001100001011000001110?
1001100001010011000000
In base 13, what is -42b2b59 - -5?
-42b2b54
In base 12, what is -69b0 + -2686?
-9476
In base 4, what is -10 + 11323210021?
11323210011
In base 2, what is 10010111010101001100 + -10110100010?
10010110111110101010
In base 14, what is 3b068b + 5?
3b0692
In base 4, what is -23301 - -3011202?
2321301
In base 3, what is -2000111121211011 - 12?
-2000111121211100
In base 15, what is 88deb + -28?
88dc3
In base 9, what is 271748 - -53?
271812
In base 14, what is -63 - -30843b?
3083b8
In base 3, what is -101022022202 + 102?
-101022022100
In base 16, what is -7 - -92ed0d?
92ed06
In base 4, what is 2 + 20333122211?
20333122213
In base 4, what is 33100211020 - 2?
33100211012
In base 2, what is -1 + -1011000111010010111101?
-1011000111010010111110
In base 7, what is 126465 - -2410?
132205
In base 9, what is -2534662 + -13?
-2534675
In base 6, what is 50221 - 1150?
45031
In base 9, what is -106740010 - -13?
-106738886
In base 6, what is -333 + -3142411?
-3143144
In base 11, what is 5 - a56228?
-a56223
In base 5, what is 1444303 - -130234?
2130042
In base 15, what is -13 + -e1cc1?
-e1cd4
In base 16, what is -347e12 - -b0?
-347d62
In base 6, what is -443 + 44455?
44012
In base 13, what is -6c67180 - 4?
-6c67184
In base 4, what is -20013110 + 30102?
-13323002
In base 13, what is 152 + -916b?
-9019
In base 9, what is 252567356 + -1?
252567355
In base 5, what is -230010301 - -2?
-230010244
In base 3, what is 20121022201 + -2112?
20121020012
In base 7, what is 266605220 - 14?
266605203
In base 10, what is 10 + 9702831?
9702841
In base 6, what is 10034224 - -41?
10034305
In base 14, what is 47d30c - -3?
47d311
In base 3, what is 202010111202 - -1012?
202010112221
In base 2, what is 100110001100001001101101 + 1?
100110001100001001101110
In base 5, what is 40 - -134221413?
134222003
In base 14, what is -13 + -1bc7c9c?
-1bc7cb1
In base 5, what is 110420 - 1134304?
-1023334
In base 11, what is 54 - 19745?
-196a1
In base 9, what is -5534 - -1036?
-4487
In base 6, what is -3212 - -245522?
242310
In base 7, what is 1133 + -3521?
-2355
In base 12, what is 6bb6 - -ba8?
7ba2
In base 14, what is 90 - -100744?
1007d4
In base 5, what is -42033302323 - 4?
-42033302332
In base 3, what is -10022 - 2111101002110?
-2111101012202
In base 3, what is 110200 + 2112022210011?
2112100020211
In base 3, what is -12001 - 11101000222001?
-11101001011002
In base 14, what is -1b5b790 - 8?
-1b5b798
In base 14, what is -3 - -a7b7b73?
a7b7b70
In base 6, what is 124130431 - -4?
124130435
In base 4, what is 3301313123021 - 1?
3301313123020
In base 9, what is -14623116 + -22?
-14623138
In base 3, what is -212122 + -102111000122?
-102111220021
In base 2, what is -100000000101100011010101100 + 0?
-100000000101100011010101100
In base 14, what is 4 + 4d0185?
4d0189
In base 13, what is -896 - -16185a?
160c94
In base 11, what is -14 - 4252522?
-4252536
In base 3, what is 10 - -11010200112200?
11010200112210
In base 3, what is 21200112201 - -102110?
21200222011
In base 16, what is 437b0 + 30d?
43abd
In base 4, what is -220323202 + -2113?
-220331321
In base 2, what is 111111100000101100111000011 - -101?
111111100000101100111001000
In base 11, what is 2922092 - -3a?
2922121
In base 5, what is -110011204 - -4?
-110011200
In base 11, what is -543 + 529?
-15
In base 3, what is -11 - 2102202022?
-2102202110
In base 5, what is 4213 - -40432331?
40442044
In base 3, what is 10 - 1211000112222?
-1211000112212
In base 4, what is -1222232200311 + -1?
-1222232200312
In base 11, what is -3584 - -728?
-2957
In base 3, what is 111121012 + -1221001?
102200011
In base 11, what is 1025 - 6104?
-508a
In base 14, what is 2028 + -385d?
-1835
In base 10, what is -119470 - -1091?
-118379
In base 5, what is 1030 - 102024223?
-102023143
In base 15, what is -38136a1 + -1?
-38136a2
In base 13, what is 21 - 47a302?
-47a2b1
In base 10, what is -593246 + 35?
-593211
In base 13, what is -b9920172 - 3?
-b9920175
In base 11, what is 18 + 123068?
123085
In base 6, what is -24025 - -21502?
-2123
In base 10, what is 370 + 220912?
221282
In base 16, what is -f2a - 9d35?
-ac5f
In base 3, what is 12122102221020 + -110?
12122102220210
In base 5, what is 0 + 24343340312?
24343340312
In base 2, what is -111101010100000100010011110 + -11?
-111101010100000100010100001
In base 5, what is -13422 + 44220?
30243
In base 11, what is -3134 - 1247?
-4380
In base 6, what is 1314013 + 40?
1314053
In base 6, what is -3 - -23021004513?
23021004510
In base 12, what is -4 - -751458?
751454
In base 4, what is -1 - 320321300300?
-320321300301
In base 3, what is -11 +